et i = 653 + -455. Let s = c + i. List the prime factors of s.
2, 43
Suppose 3*f = -11 - 10. Let w(k) be the second derivative of k**5/20 + 2*k**4/3 - 2*k**3 + 7*k**2 + 115*k. What are the prime factors of w(f)?
3, 7
What are the prime factors of (1*29)/(-11*(-8)/5544)?
3, 7, 29
Let n(j) = 451*j**2 - 2*j + 2. Suppose 0*u - 2*u + 2 = 0. List the prime factors of n(u).
11, 41
Suppose 220*i = 1953753 + 176118 + 767749. What are the prime factors of i?
13171
Let a(c) = 13*c**2 - 2*c**3 + 1 + c - 17*c + 11*c**2 - 32*c**2. Let b be a(-7). Let g = -289 + b. List the prime factors of g.
2, 59
Suppose 0 = 5*h - 19*c + 21*c - 89705, 35881 = 2*h + c. List the prime factors of h.
3, 5981
Let l be (-584)/42 - (-64)/(-672). Let z(n) = 16*n**2 + 179*n + 2. List the prime factors of z(l).
2, 79
Let c be (1224/30)/(9/30). Suppose -139*z + c*z + 21 = 0. List the prime factors of z.
7
Let c = -145 + 150. Suppose -4*h - 1365 = -c*b, 274 = b - 0*b - h. List the prime factors of b.
269
Let q(y) = -y**3 - y**2 + 2*y + 30. Let c be q(0). Let n = 32 - c. What are the prime factors of 0 + n/4 + (-635)/(-10)?
2
Let v(g) = 919*g**2 + 2082*g + 16690. What are the prime factors of v(-8)?
2, 5, 11, 107
Let r = -455 + 1577. List the prime factors of (-4 - (3 + -2)) + r.
1117
List the prime factors of 75925/12 - (16 - (-3247)/(-204)).
3, 19, 37
Let b = -30 + 41. Let o(x) = 40*x + b - 14*x - 3. What are the prime factors of o(5)?
2, 3, 23
Suppose 0 = h + 2*g - 12042, -2*h + 6206 + 17838 = -4*g. What are the prime factors of h?
2, 47
What are the prime factors of 528/22*309/2?
2, 3, 103
Let c(k) = -k**3 + 2*k**2 + 126. Let n = -5 + 8. Suppose 6*w - w + 2*d + 2 = 0, -n*w + 4*d = -4. List the prime factors of c(w).
2, 3, 7
Let g(j) = 7*j + 72. Let a = 16 + -16. Let d be g(a). Let z = d + 79. List the prime factors of z.
151
Suppose -3*q + 16 + 14 = 0. Suppose 7*c + 3 = q. Let m(l) = 85*l. What are the prime factors of m(c)?
5, 17
Let w be (-2)/((-6)/27 + (-182)/(-738)). Let b = 91 - w. Suppose 0*r - 40 = -r + 5*k, -5*r + b = 2*k. What are the prime factors of r?
5, 7
Let b(q) = 5*q + 5 + q**2 + 9 + q + 566*q**3 + 5 - 568*q**3. What are the prime factors of b(-4)?
139
Let a(k) = 353*k**3 - 8*k + 7. List the prime factors of a(1).
2, 11
Suppose h - 6*h + 10 = 0. Suppose 2*v = -h*i + 578, -3*i - 2*i - 827 = -3*v. Suppose -5*a + v = -2*s + 90, -4*a = 4*s - 172. What are the prime factors of a?
2, 5
Suppose -8*m + 5975 + 5625 = 0. Let l = 2525 - m. What are the prime factors of l?
5, 43
Suppose 4*a = 6*a - 10, 2*a - 382 = 4*x. Let d = 555 + x. What are the prime factors of d?
2, 3, 7, 11
Let j(i) = 7*i**2 + 15*i - 380. List the prime factors of j(-27).
2, 17, 127
Suppose 48 = u - 17. What are the prime factors of 2431/u - 6/(-10)?
2, 19
Let s = 332 + -289. List the prime factors of (-3)/4*s*(-4 + -4).
2, 3, 43
Suppose -62*r = 26*r - 1289640. What are the prime factors of r?
3, 5, 977
Let n be (-6)/(-4)*(-180)/54 + -506. What are the prime factors of (-1 + 0)/(((-63)/n)/(-9))?
73
Suppose -3*o = -4*o - 4*f + 21, -4*f = -4*o + 4. Suppose 5*y - o*x = 4900, -4*x = -2*y + 5*y - 2926. List the prime factors of y/18*2/4*6.
163
Suppose 0 = 4*n + 4*k - 40572, -6515 = 5*n - 2*k - 57230. What are the prime factors of n?
3, 7, 23
Let p = -1231 - -1279. Let a be ((-2)/4)/(3/(-204)). Let w = p - a. List the prime factors of w.
2, 7
Let i(g) = 18 - 6*g - 4*g + 4*g + g**3 + 18*g**2. Suppose -4*z + 2*p - 18 - 56 = 0, 0 = 4*z + p + 71. What are the prime factors of i(z)?
2, 3, 7
Suppose 0 = 11*v - 47*v - 9684. Let p = -1457 - -1032. Let m = v - p. List the prime factors of m.
2, 3, 13
Let l(n) = -n**2 + 8*n - 9. Let g be l(6). Suppose 2 + 64 = g*k. Suppose -k*r + 6*r = -816. What are the prime factors of r?
3, 17
Let p be (24/20)/6 + (-58)/(-10). Suppose 4*y = 2*u + 446, -p*u + 328 = 3*y - u. Suppose -4*v = y - 1003. What are the prime factors of v?
223
What are the prime factors of (-1784214)/(-329) + 5/((-35)/(-6))?
2, 3, 113
Suppose -38*p + 363939 - 49355 = -30*p. What are the prime factors of p?
39323
Suppose 3*w + 14 = 4*p - 12, 2*w = p - 9. Suppose -a + 5*g = -1057, p*a - 6*g + 4*g = 5354. List the prime factors of a.
2, 67
What are the prime factors of ((-2)/2 - 0)*(-1091 - -50)?
3, 347
Let d(y) = -y**3 - 10*y**2 - 11*y - 16. Let u be d(-9). Suppose -u*c + 125 = -155. List the prime factors of c.
2, 5, 7
Suppose 26*o = 22*o + 2*i + 147468, -5*i = -4*o + 147468. List the prime factors of o.
3, 12289
Let j(r) = 19*r**2 + 16*r + 210. Let i be j(-10). Suppose 0 = -2*d + 2*q + 754 + 26, -5*d = -3*q - i. List the prime factors of d.
2, 3, 5, 13
Let v(b) = -b**3 + 14*b**2 + 35*b - 24. Let w be ((-4)/8)/(2/(-100)). Let t = 41 - w. What are the prime factors of v(t)?
2, 3
Let g(s) = 6072*s - 4547. List the prime factors of g(7).
37957
Suppose -5*f - 3 = -38. Suppose 0 = 2*h - f*h + 1595. Suppose -5*t = -51 - h. What are the prime factors of t?
2, 37
Let m(w) = -w**3 - 16*w**2 - 28*w + 4. Let k be m(-14). Let h be (4/14)/(k*6/168). What are the prime factors of h*44/(-16)*-8?
2, 11
Suppose 11*n = 15*n - 1348. Suppose 42 = -t + n. Suppose 11*u - t = 992. List the prime factors of u.
3, 13
Let g = 477 - -6329. List the prime factors of g.
2, 41, 83
Let m be ((-12)/8)/(5/(-1090) + 0). Suppose 497 + m = 4*q. List the prime factors of q.
2, 103
Suppose -22*d + 145 = 57. Suppose -27*w = -23*w - x - 6244, 0 = -w + d*x + 1576. What are the prime factors of w?
2, 3, 5, 13
Let d = -7013 - -10765. Suppose d = 14*n - 6874. What are the prime factors of n?
3, 11, 23
Let k = -14896 + 38802. List the prime factors of k.
2, 11953
Suppose -2*q - 2 = y, y - q - 3 - 1 = 0. Suppose 0 = u - 0*u + y, -j - u = 0. Suppose 2*z + 20 = -j*z, 0 = -4*g - 4*z + 452. What are the prime factors of g?
2, 59
Suppose 2*c - 4*g = 15920, g + 1 = -3. Suppose 11*j = 3*j + c. Suppose j = 8*b - 46. List the prime factors of b.
2, 5, 13
Let z = 1461 + -1455. Let b be (-4)/14 - (-7186)/14. List the prime factors of b/7 - z/21.
73
Let f(c) = 3*c - 31. Let w be (-2)/6 - (-34)/(-9)*-3. Let o be f(w). Suppose 0 = -o*p + g + 88, 2*g + 156 = 4*p + 5*g. What are the prime factors of p?
2, 3, 7
Suppose -5*i = -p - 28, -p = 3*i + 4*p. Suppose -i*s - 174 = -6*s. What are the prime factors of s?
2, 3, 29
Suppose -7*n - 4*z + 2469 = -4*n, n - 4*z = 807. List the prime factors of n.
3, 7, 13
Let l = 9 - 5. Suppose -l = -v, -924 - 804 = -4*n - 4*v. Let r = -306 + n. What are the prime factors of r?
2, 61
Suppose 0 = s + 23 - 1. Let r be (-5418)/(-33) - (-4)/s. Suppose t - 4*a = r - 13, -3*t = 3*a - 528. What are the prime factors of t?
3, 19
Suppose -22*l = -14*l + 15504. List the prime factors of (-84)/(-56) - l/4.
2, 3
Suppose -20 = -4*w, 5*c - 3*w + 47 = c. Let t be (-3)/((-30)/c)*-415. Let j = t - 142. What are the prime factors of j?
2, 5, 19
Let g be -7 - -8 - (-2*51 + -2). Suppose g = 3*a - 81. What are the prime factors of a + 1/(-2)*2?
61
Let p(v) = -v**3 - 6*v**2 + 13. Let i be p(-6). Suppose -o = 11 - i. What are the prime factors of 16/(-40) + (694/10 - o)?
67
What are the prime factors of ((-9)/(81/10008))/(18/(-45))?
2, 5, 139
Let p(l) = l + 1. Let d(q) = 2*q**2 + 18*q - 28. Let h(z) = 2*d(z) - 4*p(z). List the prime factors of h(-11).
2, 3
Suppose -12893 - 6229 = -2*s - 3*a, 3*a = 3*s - 28653. List the prime factors of s.
3, 5, 7, 13
Suppose 89204 + 84746 = 49*k. List the prime factors of k.
2, 5, 71
Let j(g) = 11 + 7 - 40 + 3*g + 15. Let p be j(4). Suppose 0 = -z - p*r + 38, 2*r = 4*z - 2*z - 40. List the prime factors of z.
23
Let w(t) be the third derivative of 17*t**4/24 - 5*t**3/3 - t**2. Let z = -747 + 752. List the prime factors of w(z).
3, 5
Let l be ((-6)/(-18))/((-1)/177). Let h = l - -56. List the prime factors of -4 + 6 + 121 - h.
2, 3, 7
Let i(x) = 3*x - 2. Let c(z) = 2*z - 1. Let m(y) = -7*c(y) + 4*i(y). Let s be m(-1). Suppose 19 = j - s. What are the prime factors of j?
2, 5
What are the prime factors of (15869 - -17) + 24/2?
2, 7949
Suppose 4*l + 4*b = 15516, 2*l + 4*b = -3503 + 11255. What are the prime factors of l?
2, 3, 647
Suppose 5*y = -82 + 87. Suppose -y = a, -3*u + 2352 = -5*a - 1481. What are the prime factors of u?
2, 11, 29
Let f = -146 - -159. Let u(m) = 51*m + 166. List the prime factors of u(f).
829
Let f = 250